495, -2*o + 4*y = 54 - 1060. What is the units digit of o?
9
Let p(g) = 124*g + 19. Suppose 120*w = 119*w + 3. What is the units digit of p(w)?
1
Let p = 47 + -84. Let i = 29 + p. What is the tens digit of 2193/34*i/(-6)?
8
Let a be (-1 - -1)/(6 - (-1 - -5)). Suppose a = -4*p + 3*q + 18, 3*p + 0*q - 3*q = 12. Suppose p*k - 5*k - 971 = -5*f, k = f - 199. What is the tens digit of f?
9
Let d = 39349 + -26865. What is the ten thousands digit of d?
1
Let g(m) = 120*m + 119*m + 22 - 240*m. What is the tens digit of g(-11)?
3
Let c(u) = -77*u - 6. Let m(g) = g**3 - 2*g - 5. Let r be m(0). What is the hundreds digit of c(r)?
3
What is the units digit of ((-8)/(-20))/((-8)/(-67090))*(1 + 1)?
9
Let k = -13833 + 28270. What is the units digit of k?
7
Suppose -15*k + 50 = 20. Let i(d) = 195*d**3 + 8*d**2 - 15*d + 4. What is the units digit of i(k)?
6
Let v = -25 - -270. Let c = v + 61. Suppose -c = d - 7*d. What is the units digit of d?
1
Let j(d) = -6*d - 29. Let z be j(21). Let u = 225 + z. What is the tens digit of u?
7
Suppose -4*r + 6062 = h, -2*r + 8*h + 3026 = 6*h. Suppose 0 = 3*x - m - 1133, -3*x + r = x + 3*m. What is the tens digit of x?
7
Suppose -11*q - h = -9*q + 1278, 3195 = -5*q + 2*h. Let c = q - -1151. What is the units digit of c?
2
Suppose 29 = 8*h - 43. Let q be 4 + (h/(-18) - 17/(-2)). Suppose 3*l + 3*w = 137 + 397, q = 3*w. What is the tens digit of l?
7
Suppose -279 = 9*g - 18. Let v = -25 - g. Suppose 3*q + 3*w = 408, v*w = q - w - 118. What is the hundreds digit of q?
1
Let o(j) = j**2 - 7*j + 17. Let z be o(6). Suppose -z*c - 233 = -12*c. Let s = c - 85. What is the hundreds digit of s?
1
Suppose 7*m - 6 = 29. Suppose o = m*o - 12. Suppose 10 = -o*g + 31. What is the units digit of g?
7
Suppose 3*l = -d - 2, 16 = d + l - 4*l. Let k be (-4848)/84 - 2/d. Let h = -40 - k. What is the units digit of h?
8
Let z = -175 - -176. What is the tens digit of (1/z + 140)/((-36)/(-96))?
7
Let a = -5 - -8. Let x = 1056 - 1011. Let d = x + a. What is the tens digit of d?
4
Let z(d) = d**3 - 13*d**2 - d + 13. Let h be z(13). What is the units digit of (-3 - -6) + (h - 0 - -61)?
4
Let v = -10 - -42. Let i = -27 + v. Suppose 0 = 5*r + 5*y - 720, 4*r + 268 = -i*y + 846. What is the units digit of r?
2
Let o = 2454 - -2822. What is the hundreds digit of o?
2
Let p(o) = o**3 - 16*o**2 - 9*o + 21791. What is the tens digit of p(0)?
9
Let u = -921 + 267. Let q = u + 1217. What is the tens digit of q?
6
Let z(c) = 12*c**2 - 71*c + 1071. What is the thousands digit of z(29)?
9
Suppose p - 1149 = -2*m, -2*m + 759 + 393 = -2*p. What is the tens digit of m?
7
Let n be (6 - 2) + (9 - 9). Suppose 0 = v + 5*a - 28, n - 7 = 4*v - 3*a. Suppose 63 = -v*u + 369. What is the hundreds digit of u?
1
Suppose -31*k = -12*k - 88540. Suppose -5*p + k = -1690. What is the hundreds digit of p?
2
Let s be (-6708)/(-430) + (-6)/10. Suppose -s*w - 3249 = -3*b - 16*w, 5*b + 2*w - 5414 = 0. What is the thousands digit of b?
1
Let q = 67 + -62. Suppose -3*u - 355 = -4*n, -q*u - 20 = n - 80. Suppose -4*p - 5*g = -7*p + n, -2*g = 2*p - 62. What is the tens digit of p?
3
Suppose -20*z + 28551 = -10269. Suppose -23*h = -20*h - z. What is the tens digit of h?
4
Let b be 8 - 4 - (0 - -4)*-5. Suppose -b*y + 19*y = -10. What is the hundreds digit of 5 - (-122)/2*y?
1
Let i = 54 - 57. Let r be (-2 + 1)/((-1)/i). What is the units digit of (-1590)/(-20)*(-4)/r + 2?
8
Let u = -6366 + 13223. Suppose i = -3*i + 3*n + u, -8571 = -5*i + 4*n. What is the tens digit of (-4)/(-3) - 12/((-252)/i)?
8
Suppose -59*s + 19814 = -55*s - 29726. What is the hundreds digit of s?
3
Suppose 0 = -4*q + 14 + 10. Suppose -q - 192 = -6*n. Let j = 80 - n. What is the tens digit of j?
4
Let q(w) = -w**3 + 19*w**2 - 19*w + 26. Suppose -8*p + 121 + 7 = 0. What is the units digit of q(p)?
0
Let j be 6776/126 + (-4)/(-18). Let w = j - 16. Let y = -34 + w. What is the units digit of y?
4
What is the thousands digit of ((-58346)/6)/((-21*13/(-91))/(-9))?
9
Let k be -1 - (-2)/(1*4/6). Suppose 8*m - k*m = 966. What is the units digit of m?
1
Suppose 5*g - 3*g + 5*h = 5451, h = 4*g - 10891. Suppose -2*s - 543 = -g. What is the tens digit of s?
9
Let p(y) = -12*y - 32. Let r be p(-3). Suppose 8*h - 3*h - 3739 = -r*s, -s - 2*h + 934 = 0. What is the units digit of s?
6
Let z(y) = -368*y - 3031. What is the thousands digit of z(-84)?
7
Let w = -368 - -1078. What is the units digit of w?
0
Suppose -2*j - 3*j = -5, 0 = -r - 5*j + 879. Suppose -26*o + 25*o = -r. What is the units digit of o?
4
Suppose 1404*r + 21023 = 1409*r - 8842. What is the tens digit of r?
7
Let u(c) = 6*c**3 - 17*c**2 + 59*c + 11. What is the hundreds digit of u(10)?
9
Suppose 3*t + 152*t = 4915360. What is the thousands digit of t?
1
Let g be 3/(4/(4 - 8)). Suppose b = -n + 4, -b + 4*n + 19 = 5. What is the tens digit of 154/b + 2/g?
2
Let x be (-28)/(-10) - 30/(-150). Suppose -x*h + 7*h - 828 = 0. What is the tens digit of h?
0
What is the units digit of (-280)/(-350)*((-87829)/(-2) + 3)?
4
Suppose 6*n + 93986 - 95920 = 180364. What is the units digit of n?
3
Let o(d) = -d**3 + 12*d**2 + 6*d - 18. Let v be (4/(-8))/(2/(-44)). Let c be o(v). Suppose 3*p = -5*y + 232, 5*p - 5*y - 151 = c. What is the units digit of p?
9
Suppose -4*j + 14965 + 616 = 5*d, -j + 2*d + 3905 = 0. What is the thousands digit of j?
3
Let p(i) = -5*i**3 - i**2 - 2*i - 1. Let n be p(-1). Suppose 0*h - n*h - 2000 = -5*t, 0 = 5*t + 3*h - 2040. What is the hundreds digit of t?
4
Let m be ((-70)/21 - -4)*-1*3. What is the tens digit of (5*(-6)/(-90))/(m/(-1614))?
6
Let r = 94 + -91. Let o(p) = p**3 - 2*p**2 - 3*p - 5. Let k be o(r). What is the units digit of (k - -3)/((-10)/1075)?
5
Let g(f) = f**3 + 10*f**2 + 12*f + 3. Suppose 0 = -2*q + 18 - 30. What is the units digit of g(q)?
5
Let q(w) = -736*w + 9509. What is the ten thousands digit of q(-57)?
5
Let a = -6678 - -12412. What is the thousands digit of a?
5
Suppose -31*f = -41 - 83. Suppose 4*n - 195 = n. Suppose -n - 55 = -f*q. What is the tens digit of q?
3
Let u be (-56)/(-12) + -5 - 1743/9. Let c = u + 230. What is the tens digit of c?
3
Let w(j) = 54*j - 22. Let b(g) = 2*g**2 + 2*g - 5. Let l be b(2). What is the units digit of w(l)?
6
Let j = -4 + 6. Suppose -2*d + 3*d + 3*m + 6 = 0, 6 = -j*m. Suppose -5*h - 95 = -d*l - 0*h, 5*l = 2*h + 152. What is the units digit of l?
0
Let z(t) = 215*t**2 - 85*t - 1250. What is the thousands digit of z(-16)?
5
Let a be ((-20)/6)/(0 + (-6)/18). Let t = -127 - -682. Suppose 15*m - t = a*m. What is the tens digit of m?
1
Suppose 0 = -14*q - 1606 + 164. Let r = q + 378. What is the hundreds digit of r?
2
Let i(t) = 135*t - 261. What is the thousands digit of i(20)?
2
What is the tens digit of 5/((-10)/(-6))*(-24472)/(-276)?
6
What is the tens digit of (-20 - -38) + (9 - -23196)?
2
Let t(j) = 11*j - 19. Let x be t(2). Let r(n) = 4*n**3 + 5*n**2 + 5*n - 1. What is the tens digit of r(x)?
6
Let z(j) = -2*j**3 - 13*j**2 + 27*j - 76. What is the thousands digit of z(-15)?
3
Suppose -49165 = 28*q + 17*q - 50*q. What is the tens digit of q?
3
Let j = -2387 + 18714. What is the tens digit of j?
2
Suppose 1601022 = -50*b + 267*b - 850861. What is the ten thousands digit of b?
1
Let j = -238 + 240. Suppose 348 = 2*k + j*d, -7*k + 3*k - d = -702. What is the hundreds digit of k?
1
Let x = 101 - 47. Let s be x/45*(-10)/(-6). Let v(o) = 13*o - 10. What is the tens digit of v(s)?
1
Let d(x) = x**3 - 5*x**2 + 4*x + 11. Let k be d(5). Let y(z) = -z**3 + 30*z**2 + 38*z + 7. What is the units digit of y(k)?
4
Let a = -23162 - -46711. What is the ten thousands digit of a?
2
Suppose 4*y = -3*g + 103, -4*y - 4*g = -70 - 38. What is the units digit of ((-2 - -1)*-2)/(y/6589)?
9
Suppose 3*d + 3*i = -9, 0 = 2*d + 2*d - 3*i - 23. Suppose 0 = d*j - 21 - 37. Let n = 87 - j. What is the tens digit of n?
5
Let o be 4/(-34) + ((-1920)/17)/(-8). What is the hundreds digit of 3888/o + 432/42 + -10?
2
Let b(x) = x**3 - 11*x**2 - 2*x - 20. Let o be b(17). Let g = o + -460. What is the thousands digit of g?
1
Let h = -19620 - -42061. What is the thousands digit of h?
2
Let u(b) = -18*b**3 + b. Let x be u(1). Let a = -108 - -168. Let m = a + x. What is the units digit of m?
3
Let r(k) = 14625*k**2 + 93*k + 190. What is the 